((-1)/4). Let x(t) = t + 6. Give x(m).
1
Let d(i) = i**3 - 6*i**2 - 6*i - 8. Suppose -2*g + 4*w + 13 = -21, 2*g + 1 = -3*w. Calculate d(g).
-1
Let b(u) be the second derivative of -u - 1/6*u**3 + 0*u**2 + 0 - 1/12*u**4. Let v(s) = 3*s**2 + 4*s - 1. Let y(h) = 4*b(h) + v(h). Give y(-1).
-2
Let y = 23 - 23. Let z(k) = k**2 + k - 8. Calculate z(y).
-8
Let v = -42 + 45. Let m(s) = 2*s - 4. Determine m(v).
2
Let i(w) = -w**2 + 9*w + 3. Let h be i(9). Let z = h + 5. Let c be 6/(-2)*z/6. Let y(a) = a**2 + 3*a + 3. Determine y(c).
7
Let y = -38 + 35. Let k(f) = -f + 1. What is k(y)?
4
Let f(y) = -y**2 - 7*y + 7. Suppose -13*o - 50 - 15 = 0. Give f(o).
17
Let z(k) = -1 + k + 6*k + 3*k. Give z(1).
9
Let y(v) = -12*v**3 - 11*v**2 + 2. Suppose -27 = 3*n - 3*r, -4*n - 2*r - 15 = r. Let k(f) = 6*f**3 + 6*f**2 - 1. Let j(x) = n*y(x) - 11*k(x). Calculate j(-1).
-7
Let j(g) = 49 + 2*g - 47 - g. What is j(5)?
7
Let v = 15 + -9. Let y(t) = 1 - 10*t + v*t**2 + 2*t + t**3 + t + 4. Give y(-7).
5
Suppose 0 = -0*d - 6*d + 12. Let k(l) be the second derivative of 1/20*l**5 + 0 + 1/4*l**4 - 1/3*l**3 + 2*l + 1/2*l**d. Determine k(-3).
7
Let h(b) be the first derivative of b**2 - 2*b - 8. Let i(f) = f - 3. Let t be i(3). Let m be (5 - (-1 + t))/2. Give h(m).
4
Let c(q) = q - 1. Let p = -10 + 16. Let b(v) be the second derivative of v**5/20 - 5*v**4/12 - v**3 + v**2 + 2*v. Let z be b(p). Give c(z).
1
Let v(p) be the second derivative of -p**4/12 - p**3/2 + 2*p**2 - 4*p. What is v(-5)?
-6
Let l = -7 + 7. Let v(y) = -y**2 - y - 17. Give v(l).
-17
Let q(h) = -h**3 - 3*h**2 + 8*h - 4*h + 3 + 0*h**3. Let z(o) = -2*o**2 + 21*o + 7. Let v be z(11). Give q(v).
3
Let l(r) = -5*r**2 + 2*r - 1. Suppose 5*d = 0, d - 12 = -3*m - d. Let h be 3 - 2*(m + -3). Calculate l(h).
-4
Suppose 3*l + 3 = -0*l. Let d be -2 - (-1 + 2) - l. Let g(a) = -1. Let j(b) = b**3 + b**2 + b - 4. Let z(w) = -2*g(w) + j(w). Calculate z(d).
-8
Let w(s) = -4*s**3 + 2*s**2 - 1. Let r be w(1). Let p = r + 3. Let i(d) = d + p*d + d. Calculate i(3).
6
Let f(u) = -u**2 + 5*u - 2. Let r be f(3). Let d be (-3)/(-3 + r) - -2. Let v(i) = -10*i - 1. Calculate v(d).
9
Let c(y) = -y**3 - 5*y**2 + y + 4. Let i be c(-4). Let h = -11 - i. Let k(t) = -t + 2. Calculate k(h).
-3
Let w = 11 - 8. Let g(j) = j**3 - j**2 - 5*j + 4. Give g(w).
7
Let j(u) = -u**3 + 2*u**2 - u. Suppose 0 = 4*m - 5 - 11. Suppose 0*s = -2*s + m. Suppose 0*b = -2*b + s. What is j(b)?
0
Suppose 5*v - x = 4*v + 6, -v = 3*x - 2. Suppose -4*h + n - v*n - 4 = 0, 5*n = -h - 21. Let w(q) = -4 + q**3 - 2*q - 1 + q - 3*q**2. What is w(h)?
7
Let a = 23 + -23. Let z(s) be the third derivative of 0*s + 0*s**3 - 3/8*s**4 + a + s**2. Give z(-1).
9
Suppose 0 = 5*v - 8*v + 6. Let z(o) = o**v - 2*o - 2*o - 2*o**2. Give z(-5).
-5
Let w(v) = 5*v**3 - v**2 + 2*v - 1. Let i be ((-20)/(-50))/((-1)/60). Let d be (-1)/3 - i/18. What is w(d)?
5
Suppose -9*h + 11*h + 8 = 0. Let s(o) be the third derivative of 2*o**2 + 0*o + 0 - 1/120*o**6 + 1/8*o**4 + 1/3*o**3 - 1/20*o**5. Give s(h).
6
Let t(l) be the first derivative of 4*l**3/3 + l**2/2 - l - 10. Calculate t(1).
4
Let j(q) = 2*q + 3. Let u be j(-4). Let n(g) = -1. Let k(d) be the second derivative of -d**3/3 + d**2 + 2*d. Let x(i) = -k(i) - 4*n(i). Calculate x(u).
-8
Suppose 17 + 15 = -16*t. Let h(x) = 9*x - 1. What is h(t)?
-19
Suppose -3*a = -2*u + 17, 19 = 4*u - 0*a - 3*a. Let g(w) = w**2 - w - 2. Let i(b) = -3*b**2 + 3*b + 5. Let c(f) = -5*g(f) - 2*i(f). Determine c(u).
0
Let d(t) = -t**3 - 18*t**2 + t + 22. Let a be d(-18). Let m(q) be the second derivative of 1/4*q**5 + 0 + 1/6*q**a + 4*q + 0*q**2 + 1/6*q**3. Calculate m(-1).
-4
Let u = -12 + 6. Let q be 2/u - 68/(-6). Suppose 1 = -3*g - q. Let a(w) = w**2 + 4*w + 5. Give a(g).
5
Let r(t) = -3*t**3 - t**2 - t - 1. Let f(g) = -7*g**3 - 3*g**2 - g - 2. Let h(l) = -4*f(l) + 9*r(l). Calculate h(-4).
3
Let r(x) be the first derivative of x**2/2 - 5*x + 7. Let i(t) = -7*t - 1. Let q be i(1). Let u = q - -3. Determine r(u).
-10
Suppose 0 = 3*c - 3 - 0. Suppose w - c = -n + 3, 2*w + 12 = 2*n. Suppose -3*s + n*s = 8. Let j(z) = -z**3 + 4*z**2 - z + 3. Determine j(s).
-1
Let y(v) = v**3 - 5*v**2 - 4*v - 3. Suppose -9*c + 32 + 22 = 0. Give y(c).
9
Let o be ((-2)/4)/(1/56*7). Let v(c) = -c - 8. What is v(o)?
-4
Let x(z) = -4*z**3 + 7*z**2 + 7. Let d(y) = y**3 - y**2 - 1. Let u(s) = 3*d(s) + x(s). What is u(4)?
4
Let g = -27 + 21. Let p(m) = -m**3 - 6*m**2 + 6. Determine p(g).
6
Let o(g) = -g**3 + 5*g**2 - 4*g - 1. Let s(d) = d**2 + 3*d - 7. Let z be s(-5). Give o(z).
5
Let m(v) = -3*v**2 - 14*v + 4. Suppose -c = c - 10. Let i(w) = -2*w**2 - 9*w + 3. Let d(b) = c*m(b) - 8*i(b). Determine d(-3).
-1
Suppose 4*o + 2*n = -o + 33, -3*n = -o + 10. Let z(a) = a**2 - 8*a + 10. Calculate z(o).
3
Let s(d) = -7*d**2 - 12*d - 9. Let m(n) = 8*n**2 + 13*n + 10. Let w(x) = -6*m(x) - 7*s(x). Suppose -h = 6 - 1. Determine w(h).
-2
Let y(t) = t**2 + 3*t + 1. Let v be y(-2). Let m = v + 4. Suppose -m = 2*p - 1, -4*s - p + 15 = 0. Let l(z) = -z**3 + 4*z**2 + z - 2. Give l(s).
2
Let g(r) be the third derivative of r**5/60 + 5*r**4/24 - r**3/6 - 4*r**2. Suppose -v = -2*v + 2. Suppose -2*t - 21 + 7 = v*f, -5*t = -3*f - 13. Determine g(f).
5
Suppose -5*r = 2*u - 3*r - 8, -3*u + 3*r = 12. Suppose 2*k - 1 - 9 = m, 31 = 5*k - 4*m. Let y(n) = k - n - 2*n + 2*n. Calculate y(u).
3
Let z(p) be the third derivative of p**4/3 + p**3/2 + 3*p**2. Let w(i) = i. Let d(g) = 3*w(g) - z(g). Determine d(-2).
7
Let f(x) = -x + 9. Let b be f(7). Suppose -9 - 3 = -b*h. Suppose -2*r + 2*k - h = 0, 6*r = 2*r + 2*k - 2. Let g(t) = -t**2 - t + 1. Calculate g(r).
-5
Let h(r) be the third derivative of -11*r**6/120 - r**5/60 - r**4/24 + 5*r**2. Determine h(-1).
11
Let q(v) = v**2 + 9*v - 10. Let x(u) = u**2 + 8*u - 9. Let i(r) = 5*q(r) - 6*x(r). Let o = -11 - -46. Suppose -7*h = t - 3*h + 25, -3*h - o = 4*t. What is i(t)?
-6
Suppose 3*s - 3 = 2*s. Let y(t) = -2*t**3 + 1 + t**s + t - t**2 - 2*t**3. Calculate y(-1).
2
Suppose -4*r = 4 + 4. Let q(g) = 2*g**2 + 2*g - 2*g**2 + 5*g**2 - 3*g**2 + 1. Determine q(r).
5
Let q(r) = r**3 - r**2 - 3*r - 1. Let f(t) = t**3 + 6*t**2 - 7*t + 5. Let z be f(-7). Suppose -2*u + 8 = 0, z*m + 2 - 9 = 2*u. What is q(m)?
8
Let z(n) = 3 + 4*n**2 + n**2 + 5*n**2 + 4*n - 6*n**2 + n**3. What is z(-2)?
3
Suppose 0*j = -4*j. Let h(f) = -7*f**3 - f**2 - 6*f + 11. Let p(s) = -7*s - 8*s**3 + 12 + s**2 - s**2 - s**2. Let b(w) = -7*h(w) + 6*p(w). Determine b(j).
-5
Suppose -2 = -y - 3*w + 6, 0 = y + 5*w - 12. Let m(o) = 0*o + 3*o - 2 + o**y - o**3 + 1 + o. What is m(3)?
-7
Let o = -20 - -18. Let b(z) = -z**2 - 3*z. Give b(o).
2
Suppose -38*k + 42 = -44*k. Let v(y) = 2*y + 5. Give v(k).
-9
Let b(j) = 18*j**2 - 2*j - 3. Let o(q) = -27*q**2 + 3*q + 4. Let m(g) = 7*b(g) + 5*o(g). Determine m(1).
-9
Let j(a) = -3*a**2 - 7*a. Let k(o) = o. Let l(w) = -j(w) - 4*k(w). Suppose -5*v + b = 10, 4 = -3*v + v + 5*b. Give l(v).
6
Let o be (2/(-3))/((-6)/(-9)). Let a(k) = -10*k. Calculate a(o).
10
Let m(y) = 3*y. Let z = -16 + 12. Let o(a) = -a**3 - 4*a**2 - 4. Let c be o(z). What is m(c)?
-12
Let x = 159 - 166. Let d(o) = o**2 + 7*o. What is d(x)?
0
Let q(w) be the first derivative of -w**5/60 - 5*w**4/24 + 7*w**3/6 + 3*w**2 - 1. Let i(k) be the second derivative of q(k). Calculate i(-6).
1
Let o(u) = -3*u - u + 2*u - 2*u. Calculate o(1).
-4
Suppose 3*a + 2*a - 10 = 0. Suppose -3*r = a*l + 21, 2*r - 3*l + 1 = -0*r. Let g(o) = -o**2 - 5*o + 1. Give g(r).
1
Let q(i) = -12*i**2 - 6*i + 5. Let l(j) = -13*j**2 - 7*j + 6. Let v = -2 + 6. Let y(x) = v*l(x) - 5*q(x). Calculate y(1).
9
Let h(j) be the third derivative of -j**6/120 + j**5/15 - j**4/8 + 3*j**2. Let g be h(2). Let t(r) = -6*r**3 - r**g - 2*r**3 + 7*r**3. Calculate t(0).
0
Let l(g) = g**2 - 3*g - 2. Suppose -5*t + 11 = -v, v = -0*t + t + 1. Suppose -10 = t*c + 5*d + 21, -4*c + 12 = -4*d. What is l(c)?
8
Let q(s) = 3*s + 3. Let i(z) = 2*z + 2. Let m(d) = 8*i(d) - 5*q(d). Suppose -5*j + 15 = 5*u, 0 = -4*u + u + j + 17. Calculate m(u).
6
Let v = -12 + 18. Let k(r) = -5 + v + 0 - r. Calculate k(-3).
4
Let h(a) = 3*a**2 - 2*a - 2. Let j(y) = -2*y**2 + 3*y + 2. Let z(u) = -3*h(u) - 4*j(u). Let l(t) = 4 + 2 - 5*t**2 + 4*t**2 + 3*t. Let q be l(5). Determine z(q).
6
Let q(c) = -c**2 